{"id":18,"date":"2020-01-01T21:10:04","date_gmt":"2020-01-01T20:10:04","guid":{"rendered":"http:\/\/prx.ovh\/?page_id=18"},"modified":"2020-01-01T22:56:17","modified_gmt":"2020-01-01T21:56:17","slug":"accueil","status":"publish","type":"page","link":"https:\/\/prx.ovh\/","title":{"rendered":"Welcome to the craziest party !"},"content":{"rendered":"<p>Happy fews, vous avez \u00e9t\u00e9s invit\u00e9s \u00e0 l\u2019\u00e9v\u00e9nement le plus s\u00e9lect depuis le d\u00e9but de cette d\u00e9cennie ! Vous trouverez tous les d\u00e9tails de cette f\u00eate ici\u2026<\/p>\n","protected":false},"excerpt":{"rendered":"<p>Happy fews, vous avez \u00e9t\u00e9s invit\u00e9s \u00e0 l\u2019\u00e9v\u00e9nement le plus s\u00e9lect depuis le d\u00e9but de cette d\u00e9cennie ! Vous trouverez tous les d\u00e9tails de cette f\u00eate ici\u2026<\/p>\n","protected":false},"author":1,"featured_media":0,"parent":0,"menu_order":0,"comment_status":"closed","ping_status":"closed","template":"","meta":{"spay_email":"","footnotes":""},"class_list":["post-18","page","type-page","status-publish","hentry"],"_links":{"self":[{"href":"https:\/\/prx.ovh\/index.php\/wp-json\/wp\/v2\/pages\/18","targetHints":{"allow":["GET"]}}],"collection":[{"href":"https:\/\/prx.ovh\/index.php\/wp-json\/wp\/v2\/pages"}],"about":[{"href":"https:\/\/prx.ovh\/index.php\/wp-json\/wp\/v2\/types\/page"}],"author":[{"embeddable":true,"href":"https:\/\/prx.ovh\/index.php\/wp-json\/wp\/v2\/users\/1"}],"replies":[{"embeddable":true,"href":"https:\/\/prx.ovh\/index.php\/wp-json\/wp\/v2\/comments?post=18"}],"version-history":[{"count":3,"href":"https:\/\/prx.ovh\/index.php\/wp-json\/wp\/v2\/pages\/18\/revisions"}],"predecessor-version":[{"id":72,"href":"https:\/\/prx.ovh\/index.php\/wp-json\/wp\/v2\/pages\/18\/revisions\/72"}],"wp:attachment":[{"href":"https:\/\/prx.ovh\/index.php\/wp-json\/wp\/v2\/media?parent=18"}],"curies":[{"name":"wp","href":"https:\/\/api.w.org\/{rel}","templated":true}]}}